. Let q be s(-11). Suppose 4*m - i - 122 = q. What is the remainder when 207 is divided by m?
51
Let a(g) = -9*g**2 - 4*g - 25. Let o be a(-3). Let n = o + 125. What is the remainder when n is divided by 7?
3
Let c = 414 - 429. Let d = c - -21. What is the remainder when 41 is divided by d?
5
Suppose -4 - 1 = -5*r. Let v = -7 + 28. Calculate the remainder when v is divided by r*-1 - (-1 + -13).
8
Let l = -7942 - -7950. Let f = 1 + 1. Suppose -5*k + 132 = f*u, 0*u = 4*k - u - 103. Calculate the remainder when k is divided by l.
2
Suppose d - q - 45 = -3*q + 28, 4*q - q = 0. Suppose 0 = 3*m + 2*m - 25. Suppose -m*p = 4 - 79. What is the remainder when d is divided by p?
13
Let p = 8480 - 8442. What is the remainder when 10486 is divided by p?
36
Suppose -2*x - 1 = -x, o + 220 = 2*x. Let m = 287 + o. What is the remainder when m is divided by 20?
5
Let w(k) = 54*k - 3365. Calculate the remainder when w(64) is divided by 56.
35
Let s(u) = u + 1. Let f(l) = 30*l**2 - l. Let a be f(1). Let m = a + -24. Calculate the remainder when 17 is divided by s(m).
5
Suppose 2*t = 18*p - 24*p + 742, -t + p + 391 = 0. Calculate the remainder when 2343 is divided by t.
27
Let y(p) = -374*p**3 - 15*p + 26. Let s be y(2). Let m = -2032 - s. Calculate the remainder when m is divided by 46.
44
Let h(p) = 9*p**3 + p**2 - 9*p - 13. What is the remainder when h(3) is divided by 71?
70
Suppose 6*k - 8 = 10. What is the remainder when 195 is divided by (7/k)/((-1 - 9)/(-120))?
27
Suppose b + 2*t - 3*t - 27 = 0, 3*t + 108 = 4*b. Suppose 204*p - 203*p - 21 = 0. What is the remainder when (-2)/(-7) + 2136/p is divided by b?
21
Suppose -f = -4*a - 58, -f - 2*a - 218 = -5*f. What is the remainder when 226/6 - (-2)/6 is divided by 10 + -5 + (-8)/((-48)/f)?
10
Let y(a) = a**3 - 5*a**2 - a + 681. What is the remainder when y(0) is divided by 43?
36
Suppose -z + 19 = 4*c, 181*c + 46 = 3*z + 182*c. Let d(a) = 3*a + 145. What is the remainder when d(0) is divided by z?
10
Let v(n) = 6*n**2 + 63*n - 454. Calculate the remainder when v(8) is divided by 44.
38
Let d be (396/(-24))/(6/(-4)). Suppose d*l + 0*l - 803 = 0. What is the remainder when l is divided by 37?
36
Let c(d) = -d**2 - 12*d + 6. Let r be c(-8). Let t = 90 - r. Suppose 35*a = 37*a - t. Calculate the remainder when 50 is divided by a.
24
Let a = -25 - -54. Suppose -8*l = -7*l - a. Calculate the remainder when l is divided by 8/(-10)*(-125)/10.
9
Suppose 12*g + 4914 = 26*g. What is the remainder when g is divided by 74?
55
Let a = 42557 + -42366. What is the remainder when 544 is divided by a?
162
Suppose 627 = -320*b + 353*b. What is the remainder when 225 is divided by b?
16
Let b be 1 + 112/18 - (-42)/(-189). Suppose b*n - 27*n = -580. Calculate the remainder when 140 is divided by n.
24
Let m = 102 - 126. What is the remainder when 142 is divided by m/(-1)*(5 - 4)?
22
Suppose 0 = 25*f - 30*f - 40. What is the remainder when 304 is divided by (4 + f/4)*102/4?
49
Calculate the remainder when -1*(-1 + 119)*(26 + (-1596)/56) is divided by 9.
7
Suppose 269 + 507 = 4*l. Let u(a) = -2*a**3 + 9*a**2 - 5*a + 16. Let i be u(4). What is the remainder when (-3)/i + l/8 is divided by 16?
8
Let y(d) = d**3 + 49*d**2 - 104*d + 111. What is the remainder when y(-51) is divided by 17?
9
Let w = 347 + -345. Suppose 4*z = 3*u + 48, 0 = -z - w*u + 12. Calculate the remainder when 127 is divided by z.
7
Suppose 0 = 5*s + 7 - 282. Let i(c) = -c**2 - 35*c - 68. Let r be i(-33). Let g(n) = 53*n**2 - 8*n - 11. Calculate the remainder when g(r) is divided by s.
52
Let g = 129 + -127. Let q = 43 + 38. Suppose z - q = -g*z. Calculate the remainder when 51 is divided by z.
24
Let j = -214 + 264. What is the remainder when 0 + -4 + 7 + j is divided by (-160)/(-12) + (-4)/(-6)?
11
Suppose 285*z = 283*z + 30. Calculate the remainder when 359 is divided by z.
14
Let u(j) = -22*j**3 - 6*j**2 + 44. What is the remainder when u(-7) is divided by 73?
69
Let b be (-5*18/225)/(4/10). Let g(l) = 54*l**2 + 3*l + 2. Calculate the remainder when 157 is divided by g(b).
51
Suppose -13*t = -16 - 62. Calculate the remainder when 58 is divided by (56/16 - t)*-8.
18
Suppose -5*s + 5*b + 917 - 357 = 0, -7*s = 2*b - 847. Suppose 2*r = 79 + 43. What is the remainder when s is divided by r?
58
Suppose k - 10 = -c, -4*c + 46 = -c - 5*k. Suppose -14*q + c*q = -10. Suppose -4*w = r - 10, 3*w - 18 + 2 = -q*r. What is the remainder when 9 is divided by r?
1
Let t be -1 + 4 - (37 + -34). Suppose t = -28*i + 816 + 2068. What is the remainder when i is divided by 16?
7
Let n(k) = 2*k**2 - 9*k - 6. Let b be n(8). Let v = -46 + b. Suppose -60 = -v*f + 2*f. Calculate the remainder when f is divided by 18.
12
Suppose 25 = 54*c - 49*c, 833 = 3*z - 5*c. What is the remainder when z is divided by 49?
41
Let c = 51 - 52. Let w be (-25)/(-10)*(3/c - -11). Suppose 5*v = -7*a + 4*a + 43, -w = 5*a. What is the remainder when 32 is divided by v?
10
Let s(h) = 3*h**2 - 44*h - 5. Let g be s(15). Suppose -g*w = -9*w - 3. Suppose -w*m = 3, 0*d = d + 3*m - 9. What is the remainder when 119 is divided by d?
11
Suppose -2*i = -11*i + 27. Let o be (1/(-3))/(i/(-9)). Suppose -w + 5*a + 5 = -o, 82 = 2*w + 4*a. What is the remainder when w is divided by 19?
12
Let k = -238 - -252. Calculate the remainder when 15 is divided by 192/k + (-2)/(-7).
1
Let f(w) = 176*w**3 - 6*w + 11. Calculate the remainder when f(2) is divided by 47.
44
Suppose 3*f = -5*p + 2940, 21*p - 2352 = 17*p - 2*f. Calculate the remainder when 595 is divided by p.
7
Calculate the remainder when ((17368/(-40))/((-4)/10))/((-11)/(-22)) is divided by 718.
17
Let v = -166 - -170. Suppose 2*o - 61 = -u, 2*o + 73 = v*o - 3*u. What is the remainder when o is divided by 16?
0
Suppose -3*l + 4*l + 26 = 0. Let y = 47 + l. Let b = -47008 + 47091. What is the remainder when b is divided by y?
20
Suppose 4*i - 34 = 38. Suppose s + 5*f - 3*f - 1 = 0, 3*s - 5*f - 14 = 0. Calculate the remainder when ((-51)/1)/(s - 4) is divided by i.
15
Suppose 13*z + 2*i - 1400 = 12*z, -2*i = -3*z + 4200. What is the remainder when z is divided by 70?
0
Let d(p) = 18*p**2 - 2825*p - 87. Let r(w) = 18*w. Let k be r(2). Suppose -k = -5*x + 3*x. What is the remainder when d(157) is divided by x?
16
Suppose 2*g - 206 = 130. Let a = g + -114. Suppose -i = -32 + 18. What is the remainder when a is divided by i?
12
Suppose -114*a = -115*a - 5*l + 99, 0 = -4*a + 5*l + 396. Calculate the remainder when 270 is divided by a.
72
Let a = -14 - -17. Suppose -2*g = -v - 45, -3*v = 2*v + a*g + 277. Let m = -18 - v. Calculate the remainder when m is divided by 18.
17
What is the remainder when 4*-114*10/(-30) is divided by 7?
5
Suppose 0 = -10*m + 65453 - 65283. What is the remainder when m is divided by 17?
0
Suppose -5*r + 5 = -2*z + 63, -2*z + 58 = -r. Suppose -z*f - 15 = -334. Calculate the remainder when 130 is divided by f.
9
Suppose -18937 = -5*j - 4*r, -4*r + 64 - 52 = 0. Calculate the remainder when j is divided by 50.
35
Let l(v) = 4*v + 7. Suppose -6*o + 5*o = -5*o. Suppose o = 7*b - 132 + 13. What is the remainder when l(6) is divided by b?
14
Suppose -c - 9 + 63 = 0. Suppose -25*k + 1506 = -19*k. Let g = k - 240. What is the remainder when c is divided by g?
10
Suppose 3*n - 4580 + 1262 = -0*n. What is the remainder when n is divided by 53?
46
Let t(y) be the second derivative of -2*y**3/3 - y**2/2 - 58*y. What is the remainder when t(-4) is divided by 2/7 - (-122)/14?
6
Let m(o) = o**3 + 11*o**2 + 11*o + 14. Let y(c) = 35*c + 609. What is the remainder when y(-17) is divided by m(-10)?
2
Let x(m) = 0 + 125 - m**2 - 23 - 15*m. What is the remainder when x(-17) is divided by 39?
29
Let x = 3611 + -3126. What is the remainder when x is divided by 161?
2
Let n be ((-7623)/(-49) - 10) + (-4)/7. Let h = n + -104. Suppose -3*g = g - 484. What is the remainder when g is divided by h?
39
Suppose f = -3*k + 1180, 5*f - 696 = -3*k + 476. Let l = 670 - k. Suppose -3*a - 9*a = -l. Calculate the remainder when a is divided by 12.
11
Let i(u) = 6*u - 29. Calculate the remainder when i(9) is divided by 2848/267 + ((-1)/(-3) - 0).
3
Let t(i) = 1171*i + 281. Calculate the remainder when t(4) is divided by 92.
89
Let y = 4935 - 4768. Calculate the remainder when 414 is divided 